 15*r**2/2 - 16. Let j(d) be the second derivative of f(d). Give j(6).
11
Let b = 791 - 790. Let l(g) = -5*g**3 + 5*g - 4. What is l(b)?
-4
Let q(g) = 5*g + 33. Let h(w) = 4*w + 30. Let l(u) = -6*h(u) + 5*q(u). Calculate l(14).
-1
Let l(u) be the first derivative of 10*u**2 - 3*u - 121. Calculate l(2).
37
Let l(z) = z**2 + 5*z + 2. Let q be (-4)/(-10) - 58/(-5). Suppose 32 = 4*v + q. Suppose -g + v = -2*c, 4*g + c = 5*c. Calculate l(g).
2
Let v(j) = -11*j**2 + 17*j - 11. Let c(f) = 7*f**2 - 11*f + 7. Let o(n) = 8*c(n) + 5*v(n). Let b = 8 - 6. Calculate o(b).
-1
Suppose 2*v + 4*g = 14 + 8, 6*v - 2*g - 10 = 0. Let h(b) = -b**3 + 3*b**2 - b - 7. Give h(v).
-10
Let k = 7 + -13. Let c(t) = -85*t + 1 + 52*t - 6 + 32*t. Give c(k).
1
Let m be (0 - -4) + (-35 - -36). Suppose -11 = m*v + g, -v + 4 = -3*g + 19. Let d(z) = z**2 + 2*z. Determine d(v).
3
Let d be 0 + 5/35 + (-42)/(-49). Let l(a) = -7*a + 2. What is l(d)?
-5
Let d(g) be the second derivative of -g**7/840 + g**6/60 + g**4/4 + 13*g**3/6 + 6*g. Let f(l) be the second derivative of d(l). Determine f(6).
6
Let r(u) = -u**3 - 7*u**2 - 8*u - 7. Let b(q) = q**2 + 16*q - 3*q**2 + 31*q**3 - 14*q - 1. Let v be b(1). Suppose -6*d + d - v = 0. Calculate r(d).
5
Let b(f) = f - 1. Suppose -a = a + 5*a. Determine b(a).
-1
Let c(f) = -9*f**2 - 29*f + 14. Let n(g) = 2*g**2 + g + 1. Let a(z) = -c(z) - 6*n(z). Determine a(7).
-6
Suppose 4*k - g - 20 = -4*g, 2*g = -k + 10. Let o(j) = 7*j - j + k*j - 7*j. What is o(3)?
3
Let w(z) = -z**2 - 13*z + 3. Let k(t) = 41*t - 300. Let g be k(7). Calculate w(g).
3
Let v(n) = 4*n**2 + 0*n**2 + n**3 - 2*n + n - 3. Let g(m) = -2*m + 20. Let s be g(10). Suppose s*u + 4*u = -16. Calculate v(u).
1
Let v(i) = i**2 - 5*i - 8. Let f(q) = 5*q**3 - 3*q**2 - 4*q - 6. Let o(y) = -y**3 + y + 1. Let r(u) = -f(u) - 6*o(u). Let m be r(-3). Determine v(m).
-2
Let j(a) = 5*a**2 - 7*a + 2. Suppose -3 = -i - 2. Let d(f) = -f**2 + 1. Let l(c) = 3*c**2 - 2. Let z(r) = -2*d(r) - l(r). Let m(h) = i*j(h) + 4*z(h). Give m(3).
-10
Let s(f) = -3*f + 14. Suppose -20 = -192*v + 187*v. Determine s(v).
2
Let v(b) = -b - 7. Let o(q) = q**3 - 2*q**2 + 2. Let y be o(2). Let f be (-1 - -1) + (5 - y). Suppose -2*u = f*u + 30. Give v(u).
-1
Let h = 98 - 95. Suppose -4*w + 4*s + 8 = 0, 2*s + 4 - h = -w. Let y(l) = -l**2 - l + 1. Calculate y(w).
-1
Suppose -34*s = -24*s. Let n(i) = -i**2 - i + 4. Calculate n(s).
4
Let x(a) = -a**3 + 3*a**2 + 5*a + 4. Let q(v) = -v**2 - v + 3. Let s(t) = 2*q(t) - x(t). Calculate s(6).
-4
Let s(j) = j**3 - 7*j**2 + 5*j - 4. Suppose -42 = 6*m - 60. Determine s(m).
-25
Let p(o) = 2. Let h(w) = 3*w + 22. Let l(x) = -h(x) + 4*p(x). What is l(-4)?
-2
Suppose -5*o - 9 = -29. Suppose -f - 3 = 0, 9*p - o*p + 3*f = -4. Let g(s) = -6*s - 9*s - p + 3*s. Determine g(-1).
11
Let a(x) be the third derivative of -7*x**5/60 + x**3/6 - x**2. Let o(q) be the first derivative of a(q). Let w = -10085 - -10086. What is o(w)?
-14
Let v(r) be the second derivative of r**3 - r**2 - r. Let y(k) = -3*k - 6 - 5*k + 7 + 3*k. Let p(i) = -3*v(i) - 4*y(i). Determine p(-5).
-8
Let w(n) = n**2 - 8*n - 5. Suppose 0 = -7*g + 3*g + 300. Suppose -3 = 9*u - g. Give w(u).
-5
Let m(d) be the third derivative of 1/2*d**3 + 0 - 1/20*d**5 - 1/24*d**4 - 1/120*d**6 + 0*d - 8*d**2. Determine m(-3).
6
Let u(j) = -5 + j + 16620*j**3 + 10*j**2 - 16621*j**3 + 0*j. What is u(10)?
5
Let b(k) = -4*k**3 - k**2 - 5*k - 1. Let g(r) = r**2 - r + 2*r**3 + 5*r + r**3 + 1 + 0*r. Let t(h) = -5*b(h) - 6*g(h). Let d be (-8 - -6)*1/(-2). Give t(d).
1
Let j(q) be the second derivative of -1/12*q**4 - 7/6*q**3 + 0 + 9/2*q**2 + 5*q. Give j(-8).
1
Let u(h) = -1. Suppose -6*b + 10*b = 8. Let t be 2/b - (4 + -6). Let x(n) = n + 1. Let l(q) = t*x(q) + 2*u(q). Calculate l(4).
13
Suppose 0 = -2*b - 18 + 8. Let j be (5/b)/((-4)/28). Let q(m) = m**2 - 7*m - 7. What is q(j)?
-7
Let y(m) be the second derivative of m**4/12 + m**3/6 + m**2 - 5*m. Give y(0).
2
Let v(u) = u**2 - 7*u - 1. Let g(f) = f**3 + 13*f**2 - f - 13. Let a be g(-13). Suppose 4*j - 48 = -a*j. Suppose 4*q = j, 0*t = 4*t - 3*q - 15. What is v(t)?
-7
Let j(c) = c**3 + 11*c**2 + 10*c. Suppose -18*v - 210 = 3*v. What is j(v)?
0
Let s = -881 - -891. Let z(k) be the first derivative of 1/4*k**4 - s - 4/3*k**3 - 7/2*k**2 + 0*k. Determine z(5).
-10
Let c(z) = -10*z + 0 - z - 6*z**2 - 6. Let j(f) = f**2 + f + 1. Suppose -5*r = 3 + 22. Let k(h) = r*j(h) - c(h). Calculate k(-6).
1
Let f(v) be the third derivative of v**5/30 - v**4/8 + v**3/3 + 3*v**2. Let a be f(2). Let i(m) = m**3 - 6*m**2 + a*m - m**2 + 0*m**2 + 5. Give i(6).
-7
Let m(d) = 6*d**2 + 8*d + 3. Let o(l) = -5*l**2 - 7*l - 3. Let i(v) = 4*m(v) + 5*o(v). Calculate i(-6).
-21
Let o(i) = 6*i**2 - 2*i - 2. Let s(t) = t**2 - 7*t - 15. Let q be s(9). Let w(h) = h**2 - h - 4. Let r be w(q). What is o(r)?
18
Suppose 2 = -z, 0 = 2*f + 4*z + 7 - 3. Let a(r) = -4*r + f + 3 - 4 + r**2. Let d be (1 + -7)*(-1)/2. Calculate a(d).
-2
Let g(y) = 4*y**3 + 4*y - 2. Let z(i) = 3*i**3 - i**2 + 3*i - 1. Let f(v) = 2*g(v) - 3*z(v). Give f(3).
-4
Let u be 2/(-3) + 28/6. Let j(h) = 5 - h - u - 2. Let q(y) = y**3 - 5*y**2 + 3*y - 2. Let i be q(4). What is j(i)?
5
Let n(f) be the first derivative of -f**3 + 3*f**2/2 - 3*f + 5. Let j be -1 - (2/(-2) + -2). Determine n(j).
-9
Let x = -74 + 74. Let h(a) = -a - 5. Calculate h(x).
-5
Let y(m) = -7*m + 13 - 12 + 4*m**2 - 3*m**2. Let p(c) = -6*c**3 - c**2 - 2*c - 1. Let s be p(-1). Give y(s).
-5
Let i be (-4)/(-14) + 37/(-7). Let s(m) = 4*m + 4. Let d(c) = 7*c + 8. Let a(x) = i*s(x) + 3*d(x). Let o be 18/45 - (-3 + 259/35). What is a(o)?
0
Let c(u) be the second derivative of u**4/12 + 7*u**3/6 + 9*u**2/2 - 9*u. Let v be c(-6). Let i(t) be the first derivative of -3*t**2/2 - t + 2. What is i(v)?
-10
Let q(k) = 4*k - 2. Let c(a) = a**3 - 5*a**2 - 25*a + 115. Let u be c(6). Give q(u).
2
Let f be (-9)/(-36) - 6/(-8). Let n(v) be the first derivative of 11*v**4/4 + v**3/3 + v**2/2 - v - 11. Determine n(f).
12
Let w(i) = -i**3 - i**2 - 5. Let u = -23 - -23. Let z be u*1*3/6. What is w(z)?
-5
Let n(j) = j**3 + 2*j**2 + 15*j + 7. Let p(b) = -b**3 - b**2 - 17*b - 7. Let g(s) = 6*n(s) + 5*p(s). Give g(-6).
13
Let q(t) = 10*t - 5. Let h(u) = -22*u - 3*u - 5*u + 2 + 12. Let d = 4 - 10. Let g(z) = d*h(z) - 17*q(z). Give g(1).
11
Let k(u) be the first derivative of u**7/840 - 7*u**6/360 - 3*u**5/40 + u**4/3 + u**3 + 10. Let b(t) be the third derivative of k(t). Calculate b(8).
0
Suppose -2 - 2 = -g. Suppose o = -g*o + 45. Let h = o + -15. Let v(c) = -c - 10. Calculate v(h).
-4
Let w(n) = 3 + 3*n + 6 - 13. Determine w(-6).
-22
Let v be -1 + 20/11 - (-390)/2145. Let n(u) = -67*u**2 - u. Determine n(v).
-68
Suppose -9 + 0 = -3*l. Let u(f) = 23*f**2 - 5*f + 0 - 4*f - l - 24*f**2. Calculate u(-5).
17
Let w be 60/(-50)*(-20)/6. Suppose 4*r - 3*r + 5 = 0, 4*s = -w*r - 8. Let h(c) = -2 - c**3 - c + 0 + 4*c**2 - 3*c**3 + 5*c**s. Give h(-3).
10
Suppose 12 = 5*d - 0*i - i, -i = 3*d - 4. Suppose -4*f = -2 - d. Let q(g) = -2*g + 3*g - f - 3*g + 2. Calculate q(5).
-9
Let c(i) = -i**2 - 8*i - 2. Suppose 2*f = -3*f + 5, 2*r + f = 9. Let t be -1 - (-4 + (r - -2)). Give c(t).
13
Let m(n) be the first derivative of -n**4/4 - n**2 - 3*n - 434. Give m(0).
-3
Let k(p) = p**2 - 2*p - 12. Let g be k(-3). Suppose g*h + h = b - 7, -3*b = -5*h - 14. Let t(o) = o**3 - 3*o**2 + o + 3. Calculate t(b).
6
Suppose 0 = -3*f + 5*a - 4, 4*f - 2*a + 0 - 4 = 0. Let d be (6*(1 - 2))/f. Let r be (-1)/d*(21 + 0). Let p(l) = l**3 - 8*l**2 + 7*l - 7. Determine p(r).
-7
Let f be (-8)/(-12) - 4/6. Suppose f = -3*c, -4 = -5*l - c - 34. Let s(o) = -o**3 - 7*o**2 - 3*o + 8. What is s(l)?
-10
Suppose 112*z - 5 = -4*r + 113*z, -3*z = 3*r. Let q(c) = 18*c. Calculate q(r).
18
Let z be (-10)/45 - (-292)/18. Suppose -5*i - z = -9*i. Let p(x) = -x**2 + 2*x - 3. Give p(i).
-11
Let q be 5/(-3)*99/33. Let p(v) = -v**3 - 6*v**2 - 5*v + 5. Give p(q).
5
Let b(a) be the second derivative of -14*a + 1/4*a**4 + 1/6*a**3 + 0 + 0*a**2. What is b(-1)?
2
Let h = -4 - -7. Suppose -h = -2*x - 1. Let d(u) = 3*u - 1. Calculate d(x).
2
Let w be (-1)/(-2)*18*1. Let f(d) = 2 - 196005*d + 196004*d + 0. Calculate f(w).
-7
Let b(r) be the second derivative of r**3/6 + r**2/2 - 228*r. Give b(-4).
-3
Let g(